reatest common divisor of 96 and 948.
12
What is the highest common divisor of 27190 and 10?
10
Calculate the highest common divisor of 199 and 4.
1
What is the greatest common factor of 1813 and 343?
49
What is the highest common divisor of 7740 and 129?
129
What is the greatest common factor of 168 and 231?
21
What is the greatest common divisor of 1449 and 231?
21
What is the greatest common factor of 33448 and 296?
296
Calculate the greatest common factor of 4 and 8.
4
What is the greatest common factor of 7322 and 28?
14
What is the highest common divisor of 28 and 18634?
14
Calculate the greatest common factor of 86 and 6.
2
Calculate the greatest common divisor of 8 and 454.
2
Calculate the highest common divisor of 63 and 147.
21
Calculate the greatest common factor of 105 and 336.
21
Calculate the highest common factor of 101 and 1313.
101
What is the greatest common factor of 295 and 5?
5
Calculate the highest common factor of 16824 and 24.
24
What is the highest common divisor of 8143 and 119?
17
Calculate the highest common divisor of 49 and 756.
7
Calculate the greatest common factor of 576 and 792.
72
Calculate the highest common divisor of 220 and 1408.
44
What is the greatest common factor of 62 and 6262?
62
What is the greatest common divisor of 6 and 486?
6
What is the greatest common factor of 2961 and 21?
21
Calculate the highest common factor of 58 and 16.
2
What is the greatest common factor of 1012 and 66?
22
Calculate the highest common divisor of 1156 and 8.
4
Calculate the highest common factor of 529 and 1.
1
Calculate the highest common divisor of 913 and 22.
11
Calculate the greatest common factor of 230 and 140.
10
Calculate the highest common divisor of 27 and 85563.
27
What is the highest common factor of 861 and 5412?
123
Calculate the highest common divisor of 27 and 864.
27
What is the highest common factor of 363 and 330?
33
Calculate the highest common factor of 36 and 1136.
4
What is the highest common factor of 2398 and 22?
22
Calculate the greatest common factor of 153 and 204.
51
Calculate the greatest common divisor of 22 and 2794.
22
What is the greatest common divisor of 624 and 336?
48
What is the greatest common factor of 60 and 192?
12
Calculate the highest common divisor of 1 and 9.
1
What is the highest common divisor of 404 and 12?
4
What is the highest common divisor of 18 and 21366?
18
Calculate the greatest common divisor of 162 and 6723.
81
Calculate the greatest common factor of 3 and 141.
3
What is the greatest common factor of 39 and 2405?
13
Calculate the greatest common divisor of 22 and 58.
2
What is the highest common divisor of 1110 and 60?
30
Calculate the highest common factor of 60 and 60.
60
Calculate the highest common divisor of 2299 and 605.
121
Calculate the greatest common divisor of 752 and 16.
16
What is the greatest common divisor of 248 and 217?
31
Calculate the highest common divisor of 88 and 288.
8
What is the highest common divisor of 234 and 72?
18
What is the highest common factor of 24 and 232?
8
Calculate the highest common divisor of 13 and 13312.
13
Calculate the highest common divisor of 56 and 98.
14
What is the highest common divisor of 600 and 96?
24
Calculate the highest common divisor of 10339 and 49.
49
Calculate the highest common factor of 9 and 45.
9
What is the greatest common factor of 3384 and 144?
72
What is the highest common factor of 264 and 22?
22
What is the highest common factor of 15 and 3327?
3
Calculate the greatest common divisor of 60 and 15.
15
What is the highest common factor of 5632 and 77?
11
Calculate the highest common divisor of 115 and 7751.
23
Calculate the greatest common factor of 7065 and 45.
45
Calculate the greatest common divisor of 152 and 228.
76
What is the greatest common factor of 611 and 26?
13
What is the greatest common factor of 15 and 385?
5
What is the greatest common divisor of 22 and 39226?
22
What is the greatest common divisor of 1057 and 906?
151
What is the highest common divisor of 1855 and 35?
35
Calculate the greatest common factor of 26 and 1391.
13
Calculate the greatest common factor of 23922 and 54.
54
Calculate the greatest common factor of 297 and 33.
33
Calculate the greatest common divisor of 273 and 399.
21
What is the highest common divisor of 555 and 105?
15
What is the highest common factor of 1150 and 1426?
46
Calculate the greatest common divisor of 368 and 4094.
46
What is the highest common divisor of 696 and 16?
8
What is the greatest common divisor of 39 and 1209?
39
Calculate the highest common factor of 332 and 8.
4
What is the greatest common divisor of 2349 and 116?
29
What is the greatest common factor of 819 and 1287?
117
What is the highest common divisor of 124 and 527?
31
What is the highest common factor of 2328 and 216?
24
What is the highest common factor of 117 and 19071?
117
What is the highest common factor of 12425 and 210?
35
Calculate the highest common divisor of 134 and 871.
67
What is the greatest common divisor of 122 and 7320?
122
Calculate the greatest common factor of 15 and 195.
15
What is the greatest common divisor of 134 and 737?
67
Calculate the highest common factor of 350 and 630.
70
What is the highest common factor of 133 and 4161?
19
What is the highest common factor of 3220 and 80?
20
What is the highest common factor of 13 and 41717?
13
Calculate the highest common divisor of 1036 and 296.
148
What is the greatest common divisor of 6 and 123?
3
Calculate the highest common divisor of 3868 and 8.
4
What is the greatest common factor of 40 and 80?
40
What is the highest common factor of 26 and 91?
13
What is the highest common divisor of 780 and 650?
130
Calculate the highest common factor of 23 and 1219.
23
Calculate the greatest common divisor of 7843 and 253.
253
Calculate the greatest common divisor of 4 and 3972.
4
Calculate the greatest common factor of 2025 and 180.
45
Calculate the highest common divisor of 8295 and 420.
105
Calculate the greatest common factor of 272 and 32.
16
Calculate the highest common divisor of 150 and 102.
6
Calculate the greatest common divisor of 814 and 22.
22
What is the greatest common factor of 3178 and 14?
14
Calculate the highest common divisor of 180 and 450.
90
What is the greatest common divisor of 144 and 135?
9
What is the highest common divisor of 5 and 65?
5
Calculate the highest common divisor of 2936 and 8.
8
Calculate the highest common divisor of 204 and 374.
34
What is the highest common divisor of 258 and 172?
86
Calculate the highest common divisor of 1616 and 640.
16
What is the highest common factor of 13347 and 18?
9
What is the greatest common factor of 86 and 817?
43
Calculate the greatest common divisor of 10 and 622.
2
What is the highest common divisor of 65 and 3705?
65
Calculate the greatest common divisor of 145 and 65.
5
Calculate the highest common factor of 208 and 2288.
208
Calculate the highest common factor of 202 and 56762.
202
Calculate the greatest common factor of 16544 and 47.
47
Calculate the greatest common divisor of 2134 and 194.
194
What is the greatest common factor of 2279 and 318?
53
What is the greatest common divisor of 296 and 8?
8
What is the greatest common factor of 902 and 1394?
82
Calculate the highest common factor of 56 and 308.
28
What is the greatest common divisor of 17412 and 24?
12
What is the greatest common divisor of 3 and 7176?
3
Calculate the highest common divisor of 18 and 2202.
6
Calculate the highest common divisor of 2875 and 125.
125
Calculate the greatest common divisor of 105 and 273.
21
What is the highest common factor of 2106 and 78?
78
What is the highest common divisor of 1026 and 76?
38
What is the greatest common factor of 12 and 876?
12
What is the highest common divisor of 1024 and 40?
8
Calculate the greatest common divisor of 33 and 8261.
11
What is the highest common factor of 533 and 91?
13
What is the greatest common factor of 394 and 20?
2
Calculate the highest common factor of 496 and 48.
16
Calculate the highest common divisor of 25 and 2525.
25
What is the greatest common factor of 240 and 400?
80
What is the highest common divisor of 99 and 81?
9
Calculate the greatest common divisor of 123 and 41.
41
Calculate th